{"id":256,"date":"2019-02-13T21:47:53","date_gmt":"2019-02-13T20:47:53","guid":{"rendered":"https:\/\/bogenommedicinskcannabis.dk\/?page_id=256"},"modified":"2019-02-20T16:04:20","modified_gmt":"2019-02-20T15:04:20","slug":"er-laegemidler-bedre-undersoegt-end-cannabis","status":"publish","type":"page","link":"https:\/\/bogenommedicinskcannabis.dk\/index.php\/artikler\/evidens\/er-laegemidler-bedre-undersoegt-end-cannabis\/","title":{"rendered":"Er l\u00e6gemidler bedre unders\u00f8gt end cannabis?"},"content":{"rendered":"<p>Brugen af cannabis er i de sidste \u00e5rtier blevet unders\u00f8gt intenst og mere end nogen af de f\u00f8rende godkendte l\u00e6gemidler.<a href=\"https:\/\/bogenommedicinskcannabis.dk\/wp-admin\/post.php?post=256&amp;action=edit#_ftn1\" name=\"_ftnref1\">[1]<\/a> En hurtig s\u00f8gning p\u00e5 PubMed \u2013 den vigtigste medicinske database \u2013 p\u00e5 marijuana viser i januar 2019 29.244 studier, som belyser ethvert aspekt, man kan forestille sig om planten i alle dens former.<a href=\"https:\/\/bogenommedicinskcannabis.dk\/wp-admin\/post.php?post=256&amp;action=edit#_ftn2\" name=\"_ftnref2\">[2]<\/a><\/p>\n<p>S\u00f8ger man p\u00e5 medical marijuana, er tallet 4.608. Nogle websites, som er fortalere for cannabis,<a href=\"https:\/\/bogenommedicinskcannabis.dk\/wp-admin\/post.php?post=256&amp;action=edit#_ftn3\" name=\"_ftnref3\">[3]<\/a> har samlet hundreder af studier i letl\u00e6ste formater vedr\u00f8rende cannabis, som har f\u00e5et utallige journalister til at stille det \u00e5benlyse sp\u00f8rgsm\u00e5l: \u201dHvorfor bruger vi s\u00e5 meget tid p\u00e5 at unders\u00f8ge dette stof for dets utallige fordele, samtidig med, at l\u00e6gemidler med forf\u00e6rdelige bivirkninger godkendes af myndighederne med et stempel p\u00e5 grundlag af meget mindre forskning.\u201d<\/p>\n<p>En analyse af 200 godkendte l\u00e6gemidler viste, at n\u00e6sten 33% af dem var godkendt p\u00e5 grundlag af bare et enkelt studie.<a href=\"https:\/\/bogenommedicinskcannabis.dk\/wp-admin\/post.php?post=256&amp;action=edit#_ftn4\" name=\"_ftnref4\">[4]<\/a> \u00a0N\u00e5r man t\u00e6nker p\u00e5, at et l\u00e6gemiddel i gennemsnit har 70 bivirkninger<a href=\"https:\/\/bogenommedicinskcannabis.dk\/wp-admin\/post.php?post=256&amp;action=edit#_ftn5\" name=\"_ftnref5\">[5]<\/a> og i de fleste tilf\u00e6lde ikke er blevet ordentligt unders\u00f8gt for langsigtede effekter, m\u00e5 det undre, at l\u00e6ger og myndigheder stiller s\u00e5 store krav til et stof som cannabis. Lytter man til de forskere, der faktisk har unders\u00f8gt det, og de l\u00e6ger og patienter, der anvender det, er meldingen, at der er tale om f\u00e5 og milde bivirkninger i de medicinske doser, der er tale om.<\/p>\n<p><img loading=\"lazy\" decoding=\"async\" class=\"aligncenter wp-image-257 size-large\" src=\"https:\/\/bogenommedicinskcannabis.dk\/wp-content\/uploads\/2019\/02\/cannabis-laboratorium-1024x521.jpg\" alt=\"\" width=\"640\" height=\"326\" srcset=\"https:\/\/bogenommedicinskcannabis.dk\/wp-content\/uploads\/2019\/02\/cannabis-laboratorium-1024x521.jpg 1024w, https:\/\/bogenommedicinskcannabis.dk\/wp-content\/uploads\/2019\/02\/cannabis-laboratorium-300x153.jpg 300w, https:\/\/bogenommedicinskcannabis.dk\/wp-content\/uploads\/2019\/02\/cannabis-laboratorium-768x391.jpg 768w, https:\/\/bogenommedicinskcannabis.dk\/wp-content\/uploads\/2019\/02\/cannabis-laboratorium.jpg 1077w\" sizes=\"auto, (max-width: 640px) 100vw, 640px\" \/><\/p>\n<p><a href=\"https:\/\/bogenommedicinskcannabis.dk\/wp-admin\/post.php?post=256&amp;action=edit#_ftnref1\" name=\"_ftn1\">[1]<\/a> Marijuana Backed By More Studies Than Most FDA Approved Pharma Drugs. <a href=\"http:\/\/www.globalresearch.ca\/marijuana-backed-by-more-studies-than-most-fda-approved-pharma-drugs\/5428872\">http:\/\/www.globalresearch.ca\/marijuana-backed-by-more-studies-than-most-fda-approved-pharma-drugs\/5428872<\/a><br \/>\n<a href=\"https:\/\/bogenommedicinskcannabis.dk\/wp-admin\/post.php?post=256&amp;action=edit#_ftnref2\" name=\"_ftn2\">[2]<\/a> <a href=\"https:\/\/www.ncbi.nlm.nih.gov\/pubmed\">https:\/\/www.ncbi.nlm.nih.gov\/pubmed<\/a><br \/>\n<a href=\"https:\/\/bogenommedicinskcannabis.dk\/wp-admin\/post.php?post=256&amp;action=edit#_ftnref3\" name=\"_ftn3\">[3]<\/a> 60 Peer-Reviewed Studies on Medical Marijuana. <a href=\"https:\/\/medicalmarijuana.procon.org\/view.resource.php?resourceID=000884\">https:\/\/medicalmarijuana.procon.org\/view.resource.php?resourceID=000884<\/a><br \/>\n<a href=\"https:\/\/bogenommedicinskcannabis.dk\/wp-admin\/post.php?post=256&amp;action=edit#_ftnref4\" name=\"_ftn4\">[4]<\/a> Nicholas S.\u00a0Downing,\u00a0Jenerius A.\u00a0Aminawung, Nilay D.\u00a0Shah et al: Clinical Trial Evidence Supporting FDA Approval of Novel Therapeutic Agents, 2005-2012. <em>JAMA<\/em><em>. <\/em>2014;311(4):368-377. doi:10.1001\/jama.2013.282034. <a href=\"https:\/\/jamanetwork.com\/journals\/jama\/fullarticle\/1817794\">https:\/\/jamanetwork.com\/journals\/jama\/fullarticle\/1817794<\/a><br \/>\nFDA\u2019s \u2018safe and effective\u2019 drug approvals based on widely varied data, study finds. <a href=\"https:\/\/www.washingtonpost.com\/national\/health-science\/fda-drug-approvals-based-on-varied-data-study-finds\/2014\/01\/21\/b12d0712-82be-11e3-8099-9181471f7aaf_story.html?utm_term=.b85480fad634\">https:\/\/www.washingtonpost.com\/national\/health-science\/fda-drug-approvals-based-on-varied-data-study-finds\/2014\/01\/21\/b12d0712-82be-11e3-8099-9181471f7aaf_story.html?utm_term=.b85480fad634<\/a><br \/>\n<a href=\"https:\/\/bogenommedicinskcannabis.dk\/wp-admin\/post.php?post=256&amp;action=edit#_ftnref5\" name=\"_ftn5\">[5]<\/a> Average Drug Label Lists Whopping 70 Side Effects. <a href=\"https:\/\/www.livescience.com\/14293-drug-label-side-effects.html\">https:\/\/www.livescience.com\/14293-drug-label-side-effects.html<\/a><\/p>\n","protected":false},"excerpt":{"rendered":"<p>Brugen af cannabis er i de sidste \u00e5rtier blevet unders\u00f8gt intenst og mere end nogen af de f\u00f8rende godkendte l\u00e6gemidler.[1] En hurtig s\u00f8gning p\u00e5 PubMed \u2013 den vigtigste medicinske database \u2013 p\u00e5 marijuana viser i januar 2019 29.244 studier, som &hellip; <a href=\"https:\/\/bogenommedicinskcannabis.dk\/index.php\/artikler\/evidens\/er-laegemidler-bedre-undersoegt-end-cannabis\/\">L\u00e6s resten <span class=\"meta-nav\">&rarr;<\/span><\/a><\/p>\n","protected":false},"author":1,"featured_media":0,"parent":657,"menu_order":0,"comment_status":"closed","ping_status":"closed","template":"","meta":{"footnotes":""},"class_list":["post-256","page","type-page","status-publish","hentry"],"_links":{"self":[{"href":"https:\/\/bogenommedicinskcannabis.dk\/index.php\/wp-json\/wp\/v2\/pages\/256","targetHints":{"allow":["GET"]}}],"collection":[{"href":"https:\/\/bogenommedicinskcannabis.dk\/index.php\/wp-json\/wp\/v2\/pages"}],"about":[{"href":"https:\/\/bogenommedicinskcannabis.dk\/index.php\/wp-json\/wp\/v2\/types\/page"}],"author":[{"embeddable":true,"href":"https:\/\/bogenommedicinskcannabis.dk\/index.php\/wp-json\/wp\/v2\/users\/1"}],"replies":[{"embeddable":true,"href":"https:\/\/bogenommedicinskcannabis.dk\/index.php\/wp-json\/wp\/v2\/comments?post=256"}],"version-history":[{"count":8,"href":"https:\/\/bogenommedicinskcannabis.dk\/index.php\/wp-json\/wp\/v2\/pages\/256\/revisions"}],"predecessor-version":[{"id":392,"href":"https:\/\/bogenommedicinskcannabis.dk\/index.php\/wp-json\/wp\/v2\/pages\/256\/revisions\/392"}],"up":[{"embeddable":true,"href":"https:\/\/bogenommedicinskcannabis.dk\/index.php\/wp-json\/wp\/v2\/pages\/657"}],"wp:attachment":[{"href":"https:\/\/bogenommedicinskcannabis.dk\/index.php\/wp-json\/wp\/v2\/media?parent=256"}],"curies":[{"name":"wp","href":"https:\/\/api.w.org\/{rel}","templated":true}]}}