{"id":289,"date":"2019-02-17T12:46:16","date_gmt":"2019-02-17T11:46:16","guid":{"rendered":"https:\/\/bogenommedicinskcannabis.dk\/?page_id=289"},"modified":"2019-02-18T17:40:04","modified_gmt":"2019-02-18T16:40:04","slug":"4-studier-viser-at-cannabis-kan-behandle-hjernekraeft","status":"publish","type":"page","link":"https:\/\/bogenommedicinskcannabis.dk\/index.php\/artikler\/medicinsk-cannabis-og-kraeft\/4-studier-viser-at-cannabis-kan-behandle-hjernekraeft\/","title":{"rendered":"4 studier viser, at cannabis kan behandle hjernekr\u00e6ft"},"content":{"rendered":"<p>Vi ser igen og igen, at medicinske stoffer i cannabis kan bruges mod tumorv\u00e6kst, dr\u00e6ber tumorceller og g\u00f8r det uden de negative bivirkninger, som ofte ses ved konventionel kr\u00e6ftbehandling.<\/p>\r\n<p>Her er 4 studier, som beviser, at cannabis kan bruges til at behandle hjernekr\u00e6ft:<\/p>\r\n<p>CBD var i stand til at producere signifikant anti-tumor aktivitet. Italienske forskere publicerede et studie i <a href=\"http:\/\/jpet.aspetjournals.org\/content\/308\/3\/838.abstract\"><em>The Journal of Pharmacology and Experimental Therapeutics<\/em><\/a><u>, som testede CBD p\u00e5 humane hjernekr\u00e6ft celler. De fandt, at CBD havde en \u00f8del\u00e6ggende effekt p\u00e5 disse cellers levedygtighed ved at h\u00e6mme deres v\u00e6kst signifikant.<\/u><a href=\"https:\/\/bogenommedicinskcannabis.dk\/wp-admin\/post.php?post=289&amp;action=edit&amp;classic-editor#_ftn1\" name=\"_ftnref1\">[1]<\/a><\/p>\r\n<p><u>Et andet studie publiceret i <\/u><a href=\"http:\/\/mct.aacrjournals.org\/content\/10\/1\/90.abstract\"><em>Molecular Cancer Therapeutics<\/em><\/a>, afsl\u00f8rer, at cannabis har anti-tumor effekt og at det kan v\u00e6re en l\u00f8sning p\u00e5 det for\u00f8gede antal behandlings-resistente kr\u00e6fttilf\u00e6lde.<a href=\"https:\/\/bogenommedicinskcannabis.dk\/wp-admin\/post.php?post=289&amp;action=edit&amp;classic-editor#_ftn2\" name=\"_ftnref2\">[2]<\/a><\/p>\r\n<p>\u201dCannabinoid systemet kan tjene som beskyttelse af hjernen mod neurodegeneration.\u201d <a href=\"http:\/\/www.jneurosci.org\/content\/21\/17\/6475.abstract\"><em>The Journal of Neuroscience<\/em><\/a>\u00a0indeholder et dyrefors\u00f8g fra 2011, hvor THC-behandlede rotter fik nervebeskyttende effekt.<a href=\"https:\/\/bogenommedicinskcannabis.dk\/wp-admin\/post.php?post=289&amp;action=edit&amp;classic-editor#_ftn3\" name=\"_ftnref3\">[3]<\/a>\u00a0 Neurodegeneration refererer til en progressiv forv\u00e6rring af hjernefunktionen, som man almindeligvis ser ved alders-relateret demens, men ogs\u00e5 n\u00e5r hjernen er blevet skadet. Forskerne fandt, at rotter, der blev behandlet med THC, blev beskyttet mod s\u00e5danne skader, hvilket indikerer en potentiel l\u00f8sning p\u00e5 langsomt neurodegenerative sygdomme samt akut skade, som kan opst\u00e5 som et resultat af kr\u00e6ftbehandling.<\/p>\r\n<p><img loading=\"lazy\" decoding=\"async\" class=\"alignnone size-full wp-image-397 aligncenter\" src=\"https:\/\/bogenommedicinskcannabis.dk\/wp-content\/uploads\/2019\/02\/hjernen4.jpg\" alt=\"\" width=\"150\" height=\"176\" \/><\/p>\r\n<p>\u201dDen gode sikkerhedsprofil ved THC\u2026 med dets mulige anti-delende virkning p\u00e5 tumorceller\u2026 kan v\u00e6re basis for evaluering af cannabinoidernes potentielle anti-tumor aktivitet.\u201d et studie publiceret i <a href=\"http:\/\/www.nature.com\/bjc\/journal\/v95\/n2\/abs\/6603236a.html\"><em>British Journal of Cancer<\/em><\/a><u> viste, at THC og andre cannabinoider var i stand til at h\u00e6mme v\u00e6ksten af hjernetumorer. I 2 ud af 9 patienter var stofferne i stand til at reducere antallet af kr\u00e6ftceller, alle uden psykoaktiv effekt.<\/u><a href=\"https:\/\/bogenommedicinskcannabis.dk\/wp-admin\/post.php?post=289&amp;action=edit&amp;classic-editor#_ftn4\" name=\"_ftnref4\">[4]<\/a><\/p>\r\n<p>&nbsp;<\/p>\r\n<p><a href=\"https:\/\/bogenommedicinskcannabis.dk\/wp-admin\/post.php?post=289&amp;action=edit&amp;classic-editor#_ftnref1\" name=\"_ftn1\">[1]<\/a> Paola Massi, Angelo Vaccani, Stefania Ceruti et al.: Antitumor Effects of Cannabidiol, a Nonpsychoactive Cannabinoid, on Human Glioma Cell Lines. <a href=\"http:\/\/jpet.aspetjournals.org\/content\/308\/3\">Journal of Pharmacology and Experimental Therapeutics<\/a> Vol. 308, Issue 3<br \/>1 Mar 2004. <a href=\"http:\/\/jpet.aspetjournals.org\/content\/308\/3\/838\">http:\/\/jpet.aspetjournals.org\/content\/308\/3\/838<\/a><br \/><a href=\"https:\/\/bogenommedicinskcannabis.dk\/wp-admin\/post.php?post=289&amp;action=edit&amp;classic-editor#_ftnref2\" name=\"_ftn2\">[2]<\/a> M. van der Stelt, W. B. Veldhuis, P. R. B\u00e4r et al.: Neuroprotection by \u0394<sup>9<\/sup>-Tetrahydrocannabinol, the Main Active Compound in Marijuana, against Ouabain-Induced <em>In Vivo<\/em> Excitotoxicity. Journal of Neuroscience 1 September 2001, 21 (17) 6475-6479. <a href=\"http:\/\/www.jneurosci.org\/content\/21\/17\/6475\">http:\/\/www.jneurosci.org\/content\/21\/17\/6475<\/a><br \/><a href=\"https:\/\/bogenommedicinskcannabis.dk\/wp-admin\/post.php?post=289&amp;action=edit&amp;classic-editor#_ftnref3\" name=\"_ftn3\">[3]<\/a> M. van der Stelt, W. B. Veldhuis, P. R. B\u00e4r et al.: Neuroprotection by \u0394<sup>9<\/sup>-Tetrahydrocannabinol, the Main Active Compound in Marijuana, against Ouabain-Induced <em>In Vivo<\/em> Excitotoxicity. <a href=\"http:\/\/www.jneurosci.org\/content\/21\/17\">Journal of Neuroscience<\/a> Vol. 21, Issue 17 1 Sep 2001. <a href=\"http:\/\/www.jneurosci.org\/content\/21\/17\/6475\">http:\/\/www.jneurosci.org\/content\/21\/17\/6475<\/a><br \/><a href=\"https:\/\/bogenommedicinskcannabis.dk\/wp-admin\/post.php?post=289&amp;action=edit&amp;classic-editor#_ftnref4\" name=\"_ftn4\">[4]<\/a> M Guzm\u00e1n*,1, MJ Duarte2, C Bl\u00e1zquez et al.: A pilot clinical study of D9-tetrahydrocannabinol in patients withrecurrent glioblastoma multiforme. British Journal of Cancer (2006) 95, 197 \u2013 203. <a href=\"http:\/\/www.nature.com\/bjc\/journal\/v95\/n2\/full\/6603236a.html\">http:\/\/www.nature.com\/bjc\/journal\/v95\/n2\/full\/6603236a.html<\/a><\/p>\r\n<!-- \/wp:paragraph -->\r\n\r\n<!-- wp:image {\"id\":330} -->\r\n<figure class=\"wp-block-image\"><\/figure>\r\n<!-- \/wp:image -->\r\n\r\n<!-- wp:paragraph --><!-- \/wp:paragraph -->\r\n\r\n<!-- wp:paragraph --><!-- \/wp:paragraph -->\r\n\r\n<!-- wp:paragraph --><!-- \/wp:paragraph -->\r\n\r\n<!-- wp:paragraph --><!-- \/wp:paragraph -->","protected":false},"excerpt":{"rendered":"<p>Vi ser igen og igen, at medicinske stoffer i cannabis kan bruges mod tumorv\u00e6kst, dr\u00e6ber tumorceller og g\u00f8r det uden de negative bivirkninger, som ofte ses ved konventionel kr\u00e6ftbehandling. Her er 4 studier, som beviser, at cannabis kan bruges til &hellip; <a href=\"https:\/\/bogenommedicinskcannabis.dk\/index.php\/artikler\/medicinsk-cannabis-og-kraeft\/4-studier-viser-at-cannabis-kan-behandle-hjernekraeft\/\">L\u00e6s resten <span class=\"meta-nav\">&rarr;<\/span><\/a><\/p>\n","protected":false},"author":1,"featured_media":397,"parent":306,"menu_order":0,"comment_status":"closed","ping_status":"closed","template":"","meta":{"footnotes":""},"class_list":["post-289","page","type-page","status-publish","has-post-thumbnail","hentry"],"_links":{"self":[{"href":"https:\/\/bogenommedicinskcannabis.dk\/index.php\/wp-json\/wp\/v2\/pages\/289","targetHints":{"allow":["GET"]}}],"collection":[{"href":"https:\/\/bogenommedicinskcannabis.dk\/index.php\/wp-json\/wp\/v2\/pages"}],"about":[{"href":"https:\/\/bogenommedicinskcannabis.dk\/index.php\/wp-json\/wp\/v2\/types\/page"}],"author":[{"embeddable":true,"href":"https:\/\/bogenommedicinskcannabis.dk\/index.php\/wp-json\/wp\/v2\/users\/1"}],"replies":[{"embeddable":true,"href":"https:\/\/bogenommedicinskcannabis.dk\/index.php\/wp-json\/wp\/v2\/comments?post=289"}],"version-history":[{"count":6,"href":"https:\/\/bogenommedicinskcannabis.dk\/index.php\/wp-json\/wp\/v2\/pages\/289\/revisions"}],"predecessor-version":[{"id":535,"href":"https:\/\/bogenommedicinskcannabis.dk\/index.php\/wp-json\/wp\/v2\/pages\/289\/revisions\/535"}],"up":[{"embeddable":true,"href":"https:\/\/bogenommedicinskcannabis.dk\/index.php\/wp-json\/wp\/v2\/pages\/306"}],"wp:featuredmedia":[{"embeddable":true,"href":"https:\/\/bogenommedicinskcannabis.dk\/index.php\/wp-json\/wp\/v2\/media\/397"}],"wp:attachment":[{"href":"https:\/\/bogenommedicinskcannabis.dk\/index.php\/wp-json\/wp\/v2\/media?parent=289"}],"curies":[{"name":"wp","href":"https:\/\/api.w.org\/{rel}","templated":true}]}}