{"id":626,"date":"2019-02-20T12:35:49","date_gmt":"2019-02-20T11:35:49","guid":{"rendered":"https:\/\/bogenommedicinskcannabis.dk\/?page_id=626"},"modified":"2019-02-20T15:58:41","modified_gmt":"2019-02-20T14:58:41","slug":"alex-echols-er-autist","status":"publish","type":"page","link":"https:\/\/bogenommedicinskcannabis.dk\/index.php\/artikler\/cannabis-og-autisme\/alex-echols-er-autist\/","title":{"rendered":"Alex Echols er autist"},"content":{"rendered":"<p>Autisme er en mere kontroversiel lidelse, som kan hj\u00e6lpes af medicinsk cannabis.<a href=\"#_ftn1\" name=\"_ftnref1\">[1]<\/a> Da autisme er en s\u00e5kaldt spektrum lidelse, er der store variationer i, hvordan lidelsen udtrykker sig. Der er velsagtens gavn af behandling med medicinsk cannabis for dem, der lider af mildere former som Aspergers. Men n\u00e5r det drejer sig om b\u00f8rn, gives medicinsk cannabis kun i meget sv\u00e6re tilf\u00e6lde i USA.<\/p>\n<p>S\u00e5dan et var Alex Echols. Alex udviklede autisme som f\u00f8lge at en anden lidelse &#8211; tubular sclerose. Sygdommen for\u00e5rsagede, at der opstod skader p\u00e5 forskellige organer i Alex\u00b4 krop, mest udtalt i hjernen. Disse skader medf\u00f8rte krampeanfald, hvilket var grunden til, at Echols familien var i stand til at f\u00e5 en tilladelse til at f\u00e5 medicinsk cannabis i deres hjemstat Oregon. Alex blev mere og mere fjendtlig p\u00e5 grund af sygdommen. Fjendtligheden var mest rettet mod ham selv.<\/p>\n<p><strong>Alex\u2019s far Jeremy Echols forklarer:<br \/>\n<\/strong>\u201cHan gik fra at sl\u00e5 sig selv i ansigtet, til blodet fl\u00f8d til indenfor halvanden time at lege med leget\u00f8j ved at bruge sine h\u00e6nder. Noget som man p\u00e5 det tidspunkt n\u00e6sten ikke havde h\u00f8rt om.\u201d<\/p>\n<p>De fleste af de stater, der har legaliseret medicinsk cannabis, har ikke autisme p\u00e5 listen over kvalificerende lidelser. Det har ikke afholdt for\u00e6ldre fra at k\u00e6mpe for retten til at give deres b\u00f8rn planten. I de senere \u00e5r er organisationer som <a href=\"http:\/\/www.mammausa.org\/\">Mothers Advocating Medical Marijuana for Autism<\/a> (MAMMA)<a href=\"#_ftn2\" name=\"_ftnref2\">[2]<\/a> dukket op. Disse gruppers og h\u00e5rdtarbejdende for\u00e6ldres arbejde for retten til at f\u00e5 medicinsk cannabis har medf\u00f8rt, at nogle stater tillader det mod autisme.<a href=\"#_ftn3\" name=\"_ftnref3\">[3]<\/a><\/p>\n<p><img loading=\"lazy\" decoding=\"async\" class=\"alignnone size-full wp-image-627\" src=\"https:\/\/bogenommedicinskcannabis.dk\/wp-content\/uploads\/2019\/02\/cannabis-olie11.png\" alt=\"\" width=\"727\" height=\"417\" srcset=\"https:\/\/bogenommedicinskcannabis.dk\/wp-content\/uploads\/2019\/02\/cannabis-olie11.png 727w, https:\/\/bogenommedicinskcannabis.dk\/wp-content\/uploads\/2019\/02\/cannabis-olie11-300x172.png 300w\" sizes=\"auto, (max-width: 727px) 100vw, 727px\" \/><\/p>\n<p><a href=\"#_ftnref1\" name=\"_ftn1\">[1]<\/a> Mom Overjoyed: \u201cMedical Marijuana Saved My Son\u2019s Life\u201d <a href=\"https:\/\/herb.co\/marijuana\/news\/mom-overjoyed-medical-marijuana-saved-my-sons-life\">https:\/\/herb.co\/marijuana\/news\/mom-overjoyed-medical-marijuana-saved-my-sons-life<\/a><br \/>\n<a href=\"#_ftnref2\" name=\"_ftn2\">[2]<\/a> <a href=\"https:\/\/www.mammausa.org\/\">https:\/\/www.mammausa.org\/<\/a><br \/>\n<a href=\"#_ftnref3\" name=\"_ftn3\">[3]<\/a> Will This State Legalize Medical Marijuana For Autism Patients? <a href=\"https:\/\/herb.co\/marijuana\/news\/pa-set-legalize-medical-marijuana-autism\">https:\/\/herb.co\/marijuana\/news\/pa-set-legalize-medical-marijuana-autism<\/a><\/p>\n","protected":false},"excerpt":{"rendered":"<p>Autisme er en mere kontroversiel lidelse, som kan hj\u00e6lpes af medicinsk cannabis.[1] Da autisme er en s\u00e5kaldt spektrum lidelse, er der store variationer i, hvordan lidelsen udtrykker sig. Der er velsagtens gavn af behandling med medicinsk cannabis for dem, der &hellip; <a href=\"https:\/\/bogenommedicinskcannabis.dk\/index.php\/artikler\/cannabis-og-autisme\/alex-echols-er-autist\/\">L\u00e6s resten <span class=\"meta-nav\">&rarr;<\/span><\/a><\/p>\n","protected":false},"author":1,"featured_media":0,"parent":643,"menu_order":0,"comment_status":"closed","ping_status":"closed","template":"","meta":{"footnotes":""},"class_list":["post-626","page","type-page","status-publish","hentry"],"_links":{"self":[{"href":"https:\/\/bogenommedicinskcannabis.dk\/index.php\/wp-json\/wp\/v2\/pages\/626","targetHints":{"allow":["GET"]}}],"collection":[{"href":"https:\/\/bogenommedicinskcannabis.dk\/index.php\/wp-json\/wp\/v2\/pages"}],"about":[{"href":"https:\/\/bogenommedicinskcannabis.dk\/index.php\/wp-json\/wp\/v2\/types\/page"}],"author":[{"embeddable":true,"href":"https:\/\/bogenommedicinskcannabis.dk\/index.php\/wp-json\/wp\/v2\/users\/1"}],"replies":[{"embeddable":true,"href":"https:\/\/bogenommedicinskcannabis.dk\/index.php\/wp-json\/wp\/v2\/comments?post=626"}],"version-history":[{"count":1,"href":"https:\/\/bogenommedicinskcannabis.dk\/index.php\/wp-json\/wp\/v2\/pages\/626\/revisions"}],"predecessor-version":[{"id":628,"href":"https:\/\/bogenommedicinskcannabis.dk\/index.php\/wp-json\/wp\/v2\/pages\/626\/revisions\/628"}],"up":[{"embeddable":true,"href":"https:\/\/bogenommedicinskcannabis.dk\/index.php\/wp-json\/wp\/v2\/pages\/643"}],"wp:attachment":[{"href":"https:\/\/bogenommedicinskcannabis.dk\/index.php\/wp-json\/wp\/v2\/media?parent=626"}],"curies":[{"name":"wp","href":"https:\/\/api.w.org\/{rel}","templated":true}]}}