{"id":714,"date":"2019-02-23T15:21:10","date_gmt":"2019-02-23T14:21:10","guid":{"rendered":"https:\/\/bogenommedicinskcannabis.dk\/?page_id=714"},"modified":"2019-02-26T21:34:37","modified_gmt":"2019-02-26T20:34:37","slug":"hvordan-hjaelper-cannabis-adhd","status":"publish","type":"page","link":"https:\/\/bogenommedicinskcannabis.dk\/index.php\/artikler\/medicinsk-cannabis-og-adhd\/hvordan-hjaelper-cannabis-adhd\/","title":{"rendered":"Hvordan hj\u00e6lper cannabis ADHD?"},"content":{"rendered":"<p>Forskerne ved ikke n\u00f8jagtigt, hvordan cannabis kan hj\u00e6lpe med ADHD, men de har nogle ideer. En teori g\u00e5r ud p\u00e5, at folk med ADHD lider af det, der kan betegnes som klinisk mangel p\u00e5 endocannabinoider.<a href=\"#_ftn1\" name=\"_ftnref1\">[1]<\/a> Dette betyder, at de har unormalt lave niveauer af kroppens naturlige cannabinoider. Disse mennesker har m\u00e5ske st\u00f8rre sandsynlighed for at have gavn af at bruge cannabis, da cannabinoiderne kan erstatte disse endocannabinoider.<a href=\"#_ftn2\" name=\"_ftnref2\">[2]<\/a><\/p>\n<p>Nogle eksperter mener, at det kan give god mening at bruge cannabis, fordi det hj\u00e6lper med at opveje deres mangel p\u00e5 naturlige endocannabinoider, mener Dr. David Bearman, som er praktiserende l\u00e6ge i Californien og ekspert indenfor medicinsk cannabis. If\u00f8lge ham har cannabis\u00b4 evne til at begr\u00e6nse impulsivitet og for\u00f8ge koncentration haft en k\u00e6mpe indflydelse p\u00e5 patienter.<\/p>\n<p>\u201dJeg havde en patient, som takkede sin brug af cannabis for, at han bestod eksamen. Og jeg havde en PhD kandidat, som mente, at han skyldte cannabis tak for, at han var i stand til at f\u00e5 sin PhD og at det skyldtes, at han var i stand til at koncentrere sig.\u201d<\/p>\n<p>\u201dDen feedback, jeg fik fra patienter med ADD og ADHD, som bruger cannabis, har overalt v\u00e6ret positive,\u201d siger han.<\/p>\n<p><strong>Cannabis vs stimulanter<br \/>\n<\/strong>ADHD patienter f\u00e5r typisk udskrevet stimulerende l\u00e6gemidler som Ritalin eller Adderall. B\u00e5de dr. Milz og dr. Bearman siger imidlertid, at patienter ofte kombinerer cannabis og stimulanter. If\u00f8lge dr. Bearman behandler cannabis ikke bare ADHD, men behandler ogs\u00e5 mulige biivirkninger af den stimulerende medicin. F.eks. kan stimulerende medicin medf\u00f8re nerv\u00f8sitet, appetitl\u00f8shed og s\u00f8vnproblemer, mens cannabis kan behandle disse problemer.<\/p>\n<p>Dr. Bearman siger imidlertid, at hans f\u00f8rste valg ville v\u00e6re at behandle med cannabis alene. \u201dEt af de vigtige kriterier ved at praktisere medicin er at afbalancere bivirkninger overfor den terapeutiske effekt. Den terapeutiske effekt af cannabis er den samme eller bedre end konventionelle l\u00e6gemidler \u2026 og bivirkningerne er meget mindre.\u201d<\/p>\n<p>Til ADHD patienter, som v\u00e6lger cannabis behandling, udskriver dr. Bearman undertiden 2 \u00bd mg Marinol 2-3 gange dagligt. En relativ lav dosis med et lavt niveau af THC vil ogs\u00e5 behandle symptomerne, siger han.<\/p>\n<p><img loading=\"lazy\" decoding=\"async\" class=\"alignnone size-full wp-image-715\" src=\"https:\/\/bogenommedicinskcannabis.dk\/wp-content\/uploads\/2019\/02\/cannabinoider10.jpg\" alt=\"\" width=\"541\" height=\"390\" srcset=\"https:\/\/bogenommedicinskcannabis.dk\/wp-content\/uploads\/2019\/02\/cannabinoider10.jpg 541w, https:\/\/bogenommedicinskcannabis.dk\/wp-content\/uploads\/2019\/02\/cannabinoider10-300x216.jpg 300w\" sizes=\"auto, (max-width: 541px) 100vw, 541px\" \/><\/p>\n<p><a href=\"#_ftnref1\" name=\"_ftn1\">[1]<\/a> <a href=\"http:\/\/europepmc.org\/search;jsessionid=3F466909C46D2AD589504ABA8ED7DB59?query=AUTH:%22Russo+EB%22&amp;page=1\">Russo EB: <\/a>Clinical endocannabinoid deficiency (CECD): can this concept explain therapeutic benefits of cannabis in migraine, fibromyalgia, irritable bowel syndrome and other treatment-resistant conditions? <a href=\"http:\/\/europepmc.org\/search;jsessionid=3F466909C46D2AD589504ABA8ED7DB59?query=JOURNAL:%22Neuro+Endocrinol+Lett%22&amp;page=1\">Neuro Endocrinology Letters<\/a> [01 Feb 2004, 25(1-2):31-39]. <a href=\"http:\/\/europepmc.org\/abstract\/med\/15159679\">http:\/\/europepmc.org\/abstract\/med\/15159679<\/a><br \/>\n<a href=\"#_ftnref2\" name=\"_ftn2\">[2]<\/a> The Endocannabinoid System: A Beginner\u2019s Guide. <a href=\"https:\/\/www.leafscience.com\/2017\/03\/17\/the-endocannabinoid-system-a-beginners-guide\/\">https:\/\/www.leafscience.com\/2017\/03\/17\/the-endocannabinoid-system-a-beginners-guide\/<\/a><\/p>\n","protected":false},"excerpt":{"rendered":"<p>Forskerne ved ikke n\u00f8jagtigt, hvordan cannabis kan hj\u00e6lpe med ADHD, men de har nogle ideer. En teori g\u00e5r ud p\u00e5, at folk med ADHD lider af det, der kan betegnes som klinisk mangel p\u00e5 endocannabinoider.[1] Dette betyder, at de har &hellip; <a href=\"https:\/\/bogenommedicinskcannabis.dk\/index.php\/artikler\/medicinsk-cannabis-og-adhd\/hvordan-hjaelper-cannabis-adhd\/\">L\u00e6s resten <span class=\"meta-nav\">&rarr;<\/span><\/a><\/p>\n","protected":false},"author":1,"featured_media":0,"parent":304,"menu_order":0,"comment_status":"closed","ping_status":"closed","template":"","meta":{"footnotes":""},"class_list":["post-714","page","type-page","status-publish","hentry"],"_links":{"self":[{"href":"https:\/\/bogenommedicinskcannabis.dk\/index.php\/wp-json\/wp\/v2\/pages\/714","targetHints":{"allow":["GET"]}}],"collection":[{"href":"https:\/\/bogenommedicinskcannabis.dk\/index.php\/wp-json\/wp\/v2\/pages"}],"about":[{"href":"https:\/\/bogenommedicinskcannabis.dk\/index.php\/wp-json\/wp\/v2\/types\/page"}],"author":[{"embeddable":true,"href":"https:\/\/bogenommedicinskcannabis.dk\/index.php\/wp-json\/wp\/v2\/users\/1"}],"replies":[{"embeddable":true,"href":"https:\/\/bogenommedicinskcannabis.dk\/index.php\/wp-json\/wp\/v2\/comments?post=714"}],"version-history":[{"count":3,"href":"https:\/\/bogenommedicinskcannabis.dk\/index.php\/wp-json\/wp\/v2\/pages\/714\/revisions"}],"predecessor-version":[{"id":718,"href":"https:\/\/bogenommedicinskcannabis.dk\/index.php\/wp-json\/wp\/v2\/pages\/714\/revisions\/718"}],"up":[{"embeddable":true,"href":"https:\/\/bogenommedicinskcannabis.dk\/index.php\/wp-json\/wp\/v2\/pages\/304"}],"wp:attachment":[{"href":"https:\/\/bogenommedicinskcannabis.dk\/index.php\/wp-json\/wp\/v2\/media?parent=714"}],"curies":[{"name":"wp","href":"https:\/\/api.w.org\/{rel}","templated":true}]}}