{"id":732,"date":"2019-02-24T15:07:55","date_gmt":"2019-02-24T14:07:55","guid":{"rendered":"https:\/\/bogenommedicinskcannabis.dk\/?page_id=732"},"modified":"2019-02-26T21:37:38","modified_gmt":"2019-02-26T20:37:38","slug":"successfuld-cannabisbehandling-af-behandlingsresistente-voksne-adhd-patienter","status":"publish","type":"page","link":"https:\/\/bogenommedicinskcannabis.dk\/index.php\/artikler\/medicinsk-cannabis-og-adhd\/successfuld-cannabisbehandling-af-behandlingsresistente-voksne-adhd-patienter\/","title":{"rendered":"Successfuld cannabisbehandling af behandlingsresistente voksne ADHD patienter"},"content":{"rendered":"<p>Voksne, som led af ADHD og var behandlingsresistente overfor konventionel behandling, fik tilladelse til at bruge cannabis blomster mellem 2012 og 2014 i et case study<a href=\"#_ftn1\" name=\"_ftnref1\">[1]<\/a> hvor anonymiserede journaler for 30 voksne patienter blev analyseret. Det kunne fastsl\u00e5s, at cannabis resulterede i en forbedring af en r\u00e6kke symptomer bl.a. bedre koncentration og s\u00f8vn og reduceret impulsivitet.<\/p>\n<p>De 28 mandlige og to kvindelige patienter var mellem 21 og 51 \u00e5r gamle. 63% af dem havde f\u00f8rst f\u00e5et diagnosen som voksne, mens 37% allerede var diagnosticeret som b\u00f8rn. De patienter, der var diagnosticeret i alderen 6-13 \u00e5r, var f\u00f8r blevet behandlet med bl.a. Ritalin og andre amfetamin-lignende l\u00e6gemidler. Disse behandlinger var blevet opgivet, mest p\u00e5 grund af bivirkningerne, og ofte fordi de ikke var effektive nok. 8 patienter tog stimulerende midler sammen med cannabis, mens 22 patienter kun tog cannabis.<\/p>\n<p>Konklusionen af dette studie var, at \u201cfor voksne patienter med ADHD, som oplever bivirkninger eller ikke har nogen effekt af standard medicineringen, kan cannabis v\u00e6re et effektiv og vel-tolereret alternativ.\u201d<a href=\"#_ftn2\" name=\"_ftnref2\">[2]<\/a><\/p>\n<p><img loading=\"lazy\" decoding=\"async\" class=\"alignnone size-full wp-image-733\" src=\"https:\/\/bogenommedicinskcannabis.dk\/wp-content\/uploads\/2019\/02\/cannabis-olie.jpg\" alt=\"\" width=\"960\" height=\"619\" srcset=\"https:\/\/bogenommedicinskcannabis.dk\/wp-content\/uploads\/2019\/02\/cannabis-olie.jpg 960w, https:\/\/bogenommedicinskcannabis.dk\/wp-content\/uploads\/2019\/02\/cannabis-olie-300x193.jpg 300w, https:\/\/bogenommedicinskcannabis.dk\/wp-content\/uploads\/2019\/02\/cannabis-olie-768x495.jpg 768w\" sizes=\"auto, (max-width: 960px) 100vw, 960px\" \/><\/p>\n<p><a href=\"#_ftnref1\" name=\"_ftn1\">[1]<\/a> <a href=\"http:\/\/cannabis-med.org\/nis\/data\/file\/abstractbook.pdf\">Milz E, Grotenhermen F. Successful therapy of treatment resistant adult ADHD with cannabis: experience from a medical practice with 30 patients. Abstract book of the Cannabinoid Conference 2015, September 17-19, Sestri Levante, Italy, page 85.<\/a> <a href=\"http:\/\/www.cannabis-med.org\/english\/bulletin\/ww_en_db_cannabis_artikel.php?id=461&amp;search_pattern=ADHD#6\">http:\/\/www.cannabis-med.org\/english\/bulletin\/ww_en_db_cannabis_artikel.php?id=461&amp;search_pattern=ADHD#6<\/a><br \/>\n<a href=\"http:\/\/sensiseeds.com\/en\/blog\/adhd-and-the-cannabis-v-ritalin-debate\/\">http:\/\/sensiseeds.com\/en\/blog\/adhd-and-the-cannabis-v-ritalin-debate\/<\/a><br \/>\n<a href=\"#_ftnref2\" name=\"_ftn2\">[2]<\/a> <a href=\"http:\/\/cannabis-med.org\/nis\/data\/file\/abstractbook.pdf\">http:\/\/cannabis-med.org\/nis\/data\/file\/abstractbook.pdf<\/a><\/p>\n","protected":false},"excerpt":{"rendered":"<p>Voksne, som led af ADHD og var behandlingsresistente overfor konventionel behandling, fik tilladelse til at bruge cannabis blomster mellem 2012 og 2014 i et case study[1] hvor anonymiserede journaler for 30 voksne patienter blev analyseret. Det kunne fastsl\u00e5s, at cannabis &hellip; <a href=\"https:\/\/bogenommedicinskcannabis.dk\/index.php\/artikler\/medicinsk-cannabis-og-adhd\/successfuld-cannabisbehandling-af-behandlingsresistente-voksne-adhd-patienter\/\">L\u00e6s resten <span class=\"meta-nav\">&rarr;<\/span><\/a><\/p>\n","protected":false},"author":1,"featured_media":0,"parent":304,"menu_order":0,"comment_status":"closed","ping_status":"closed","template":"","meta":{"footnotes":""},"class_list":["post-732","page","type-page","status-publish","hentry"],"_links":{"self":[{"href":"https:\/\/bogenommedicinskcannabis.dk\/index.php\/wp-json\/wp\/v2\/pages\/732","targetHints":{"allow":["GET"]}}],"collection":[{"href":"https:\/\/bogenommedicinskcannabis.dk\/index.php\/wp-json\/wp\/v2\/pages"}],"about":[{"href":"https:\/\/bogenommedicinskcannabis.dk\/index.php\/wp-json\/wp\/v2\/types\/page"}],"author":[{"embeddable":true,"href":"https:\/\/bogenommedicinskcannabis.dk\/index.php\/wp-json\/wp\/v2\/users\/1"}],"replies":[{"embeddable":true,"href":"https:\/\/bogenommedicinskcannabis.dk\/index.php\/wp-json\/wp\/v2\/comments?post=732"}],"version-history":[{"count":1,"href":"https:\/\/bogenommedicinskcannabis.dk\/index.php\/wp-json\/wp\/v2\/pages\/732\/revisions"}],"predecessor-version":[{"id":734,"href":"https:\/\/bogenommedicinskcannabis.dk\/index.php\/wp-json\/wp\/v2\/pages\/732\/revisions\/734"}],"up":[{"embeddable":true,"href":"https:\/\/bogenommedicinskcannabis.dk\/index.php\/wp-json\/wp\/v2\/pages\/304"}],"wp:attachment":[{"href":"https:\/\/bogenommedicinskcannabis.dk\/index.php\/wp-json\/wp\/v2\/media?parent=732"}],"curies":[{"name":"wp","href":"https:\/\/api.w.org\/{rel}","templated":true}]}}