{"id":812,"date":"2019-03-01T12:37:21","date_gmt":"2019-03-01T11:37:21","guid":{"rendered":"https:\/\/bogenommedicinskcannabis.dk\/?page_id=812"},"modified":"2019-03-01T12:47:48","modified_gmt":"2019-03-01T11:47:48","slug":"cannabis-til-boern-med-epilepsi","status":"publish","type":"page","link":"https:\/\/bogenommedicinskcannabis.dk\/index.php\/artikler\/medicinsk-cannabis-og-epilepsi\/cannabis-til-boern-med-epilepsi\/","title":{"rendered":"Cannabis til b\u00f8rn med epilepsi"},"content":{"rendered":"<p>Den amerikanske b\u00f8rnel\u00e6ge Bonni Goldstein har fundet fantastiske resultater ved at bruge CBD-rig medicin til b\u00f8rn med en umedg\u00f8rlig epilepsi, fort\u00e6ller hun. De fleste af disse patienter har pr\u00f8vet utallige anti-epileptiske l\u00e6gemidler uden succes og har forf\u00e6rdelige konsekvenser af de stadige krampeanfald. Byrden af denne vanskelige lidelse og den medf\u00f8lgende negative indflydelse p\u00e5 livskvaliteten har trigget en for\u00e6ldre-ledet bev\u00e6gelse, som fortalere for brugen af CBD-rig cannabis.<a href=\"#_ftn1\" name=\"_ftnref1\">[1]<\/a><\/p>\n<p><strong>Hvad er forklaringen p\u00e5 effekten af medicinsk cannabis<br \/>\n<\/strong>Forskere har responderet med et fokus p\u00e5 forskning i, hvordan kroppens endocannabinoid system (ECS) kan v\u00e6re et behandlingsm\u00e5l for disse patienter. Der er videnskabelig evidens for, at folk med epilepsi kan have mangler i deres endocannabinoid system, hvilket f\u00f8rer til oversp\u00e6nding i flowet af neurotransmittere i hjernen og dermed til unormal \u201dopvarmning\u201d af hjernecellerne.<\/p>\n<p>Evidens peger ogs\u00e5 mod signifikant neuroinflammation i hjernen, som \u00e5rsag til kramper. Den m\u00e5de, CBD virker ved at reducere og standse krampeanfald, udforskes og Bonni Goldstein peger p\u00e5 nogle af de studier, der belyser, hvad vi ved:<a href=\"#_ftn2\" name=\"_ftnref2\">[2]<\/a><\/p>\n<ul>\n<li>CBD for\u00f8ger hjernens niveau af kroppens egne cannabinoider \u2013 de s\u00e5kaldte endocannabinoider &#8211; og forst\u00e6rker derved endocannabinoid systemet<\/li>\n<li>CBD modulerer flowet af calcium og kalium i neuronerne og stabiliserer derved disse celler, og CBD virker anti-inflammatorisk, blokerer dannelsen af pro-inflammatoriske stoffer og reducerer giftige substanser, hvilket resulterer i en hjerne, der er mindre inflammeret<\/li>\n<\/ul>\n<p>CBD fungerer s\u00e5ledes ved hj\u00e6lp af mange virkemekanismer\u00a0p\u00e5 mange forskellige m\u00e5l i hjernen. Det er derfor, vi mener, at det virker godt p\u00e5 epilepsi. Da CBD ikke aktiverer cannabinoid receptorer p\u00e5 samme m\u00e5de, som THC g\u00f8r, medf\u00f8rer det ikke tolerance, og det er ikke psykoaktivt, det er i det hele taget et ideelt stof for epileptiske patienter.<\/p>\n<p><strong>Hvordan er erfaringerne<br \/>\n<\/strong>Et antal unders\u00f8gelser blandt for\u00e6ldre, som bruger CBD-rig cannabis olie til at behandle genstridig epilepsi hos deres b\u00f8rn rapporterer, at mere end 75% har set en reduktion af krampeanfaldene med meget sm\u00e5 eller ingen bivirkninger. Omkring 15% er blevet helt fri for kramper.<\/p>\n<p>I Bonni Goldsteins praksis har omkring 75% af patienterne f\u00e5et en 25% eller st\u00f8rre reduktion efter 3 m\u00e5neders behandling. Omkring 38% af patienterne havde st\u00f8rre end 75% reduktion af krampeanfaldene og 12% blev helt krampefri. 10% af patienterne afbr\u00f8d behandlingen, fordi den ikke havde effekt.<\/p>\n<p>Omkring 16% fik ingen reduktion af deres kramper, men kramperne blev mindre alvorlige eller af kortere varighed. Af gavnlige bivirkninger rapporterede for\u00e6ldre bedre s\u00f8vn, st\u00f8rre opm\u00e6rksomhed, bedre hum\u00f8r, bedre appetit, forbedret fokus og hukommelse, mere energi til behandling og leg og f\u00e6rre bes\u00f8g p\u00e5 skadestuen og hospitalsindl\u00e6ggelser.<\/p>\n<p><strong>Et eksempel fra Bonni Goldsteins klinik<br \/>\n<\/strong>En s\u00e6rlig lille dreng kom til min klinik p\u00e5 4 epilepsi-l\u00e6gemidler og havde mange negative bivirkninger, fort\u00e6ller hun. Han var et af 4 b\u00f8rn, og hans mor sagde, at livet var forf\u00e6rdeligt p\u00e5 grund af hans sygdom. Hun fortalte mig, at alt, hvad hun \u00f8nskede, var at v\u00e6re i stand til at tage sine b\u00f8rn med i parken, hvilket var noget, de ikke havde v\u00e6ret i stand til, siden hans krampeanfald var blevet s\u00e5 hyppige.<\/p>\n<p>Efter 2 m\u00e5neder p\u00e5 cannabis olie, fik jeg en SMS fra hans mor, som skrev: \u201dG\u00e6t hvor vi er? I parken.\u201d Denne dreng har v\u00e6ret p\u00e5 olien i mere end 2 \u00e5r nu med signifikant reduktion af hans krampeanfald og en livs-\u00e6ndrende forbedring af hans (og familiens) livskvalitet.<\/p>\n<p>I de fleste tilf\u00e6lde tages olien under tungen, synkes via munden eller gives via et r\u00f8r. Jeg insisterer p\u00e5 at mine patienter bruger laboratorietestet olie fri for opl\u00f8sningsmidler og pesticider. Tilpasning af dosis og graden af CBD:THC er ofte n\u00f8dvendig efter perioder med observation, og sommetider m\u00e5 vi pr\u00f8ve med forskellige arter af CBD-rig cannabis, f\u00f8r vi ser en klinisk respons.<\/p>\n<p><img loading=\"lazy\" decoding=\"async\" class=\"alignnone size-full wp-image-815\" src=\"https:\/\/bogenommedicinskcannabis.dk\/wp-content\/uploads\/2019\/03\/cannabis-olie1.jpg\" alt=\"\" width=\"1000\" height=\"667\" srcset=\"https:\/\/bogenommedicinskcannabis.dk\/wp-content\/uploads\/2019\/03\/cannabis-olie1.jpg 1000w, https:\/\/bogenommedicinskcannabis.dk\/wp-content\/uploads\/2019\/03\/cannabis-olie1-300x200.jpg 300w, https:\/\/bogenommedicinskcannabis.dk\/wp-content\/uploads\/2019\/03\/cannabis-olie1-768x512.jpg 768w\" sizes=\"auto, (max-width: 1000px) 100vw, 1000px\" \/><\/p>\n<p>&nbsp;<\/p>\n<p><a href=\"#_ftnref1\" name=\"_ftn1\">[1]<\/a> Cannabis for Pediatric Epilepsy. <a href=\"https:\/\/www.marijuana.com\/news\/2017\/02\/cannabis-for-pediatric-epilepsy\/\">https:\/\/www.marijuana.com\/news\/2017\/02\/cannabis-for-pediatric-epilepsy\/<\/a><\/p>\n<p><a href=\"#_ftnref2\" name=\"_ftn2\">[2]<\/a> Hampson AJ, Grimaldi M, Axelrod J, and Wink D (1998): \u00a0Cannabidiol and (-)delta9-tetrahydrocannabinol are neuroprotective antioxidants. Proc Natl Acad Sci USA 95: 8268-8273. <a href=\"https:\/\/www.ncbi.nlm.nih.gov\/pubmed\/9653176\">https:\/\/www.ncbi.nlm.nih.gov\/pubmed\/9653176<\/a><\/p>\n<p>Vezzani A. Inflammation and epilepsy. Epilepsy Curr. 2005 Jan-Feb;5(1):1-6. <a href=\"https:\/\/journals.sagepub.com\/doi\/10.1111\/j.1535-7597.2005.05101.x\">https:\/\/journals.sagepub.com\/doi\/10.1111\/j.1535-7597.2005.05101.x<\/a><\/p>\n<p>Lozovaya N, Min R, Tsintsadze V, Burnashev N. Dual modulation of CNS voltage-gated calcium channels by cannabinoids: Focus on CB1 receptor-independent effects. Cell Calcium. 2009 Sep;46(3):154-62. <a href=\"https:\/\/www.ncbi.nlm.nih.gov\/pubmed\/19682741\">https:\/\/www.ncbi.nlm.nih.gov\/pubmed\/19682741<\/a><\/p>\n<p>Izzo AA, Borrelli F, Capasso R, Di Marzo V, Mechoulam R. Non-psychotropic plant cannabinoids: new therapeutic opportunities from an ancient herb. Trends Pharmacol Sci. 2009 Oct;30(10):515-27. <a href=\"https:\/\/www.ncbi.nlm.nih.gov\/pubmed\/19729208\">https:\/\/www.ncbi.nlm.nih.gov\/pubmed\/19729208<\/a><\/p>\n<p>De Petrocellis L, Ligresti A, Moriello AS, Allar\u00e0 M, Bisogno T, Petrosino S, Stott CG, Di Marzo V. Effects of cannabinoids and cannabinoid-enriched Cannabis extracts on TRP channels and endocannabinoid metabolic enzymes. Br J Pharmacol. 2011 Aug;163(7):1479-94. <a href=\"https:\/\/www.ncbi.nlm.nih.gov\/pubmed\/21175579\">https:\/\/www.ncbi.nlm.nih.gov\/pubmed\/21175579<\/a><\/p>\n<p>Mechoulam R. Plant cannabinoids: a neglected pharmacological treasure trove. Br J Pharmacol. 2005 December; 146(7): 913\u2013915. <a href=\"https:\/\/www.ncbi.nlm.nih.gov\/pubmed\/19349601\">https:\/\/www.ncbi.nlm.nih.gov\/pubmed\/19349601<\/a><\/p>\n","protected":false},"excerpt":{"rendered":"<p>Den amerikanske b\u00f8rnel\u00e6ge Bonni Goldstein har fundet fantastiske resultater ved at bruge CBD-rig medicin til b\u00f8rn med en umedg\u00f8rlig epilepsi, fort\u00e6ller hun. De fleste af disse patienter har pr\u00f8vet utallige anti-epileptiske l\u00e6gemidler uden succes og har forf\u00e6rdelige konsekvenser af de &hellip; <a href=\"https:\/\/bogenommedicinskcannabis.dk\/index.php\/artikler\/medicinsk-cannabis-og-epilepsi\/cannabis-til-boern-med-epilepsi\/\">L\u00e6s resten <span class=\"meta-nav\">&rarr;<\/span><\/a><\/p>\n","protected":false},"author":1,"featured_media":0,"parent":310,"menu_order":0,"comment_status":"closed","ping_status":"closed","template":"","meta":{"footnotes":""},"class_list":["post-812","page","type-page","status-publish","hentry"],"_links":{"self":[{"href":"https:\/\/bogenommedicinskcannabis.dk\/index.php\/wp-json\/wp\/v2\/pages\/812","targetHints":{"allow":["GET"]}}],"collection":[{"href":"https:\/\/bogenommedicinskcannabis.dk\/index.php\/wp-json\/wp\/v2\/pages"}],"about":[{"href":"https:\/\/bogenommedicinskcannabis.dk\/index.php\/wp-json\/wp\/v2\/types\/page"}],"author":[{"embeddable":true,"href":"https:\/\/bogenommedicinskcannabis.dk\/index.php\/wp-json\/wp\/v2\/users\/1"}],"replies":[{"embeddable":true,"href":"https:\/\/bogenommedicinskcannabis.dk\/index.php\/wp-json\/wp\/v2\/comments?post=812"}],"version-history":[{"count":2,"href":"https:\/\/bogenommedicinskcannabis.dk\/index.php\/wp-json\/wp\/v2\/pages\/812\/revisions"}],"predecessor-version":[{"id":816,"href":"https:\/\/bogenommedicinskcannabis.dk\/index.php\/wp-json\/wp\/v2\/pages\/812\/revisions\/816"}],"up":[{"embeddable":true,"href":"https:\/\/bogenommedicinskcannabis.dk\/index.php\/wp-json\/wp\/v2\/pages\/310"}],"wp:attachment":[{"href":"https:\/\/bogenommedicinskcannabis.dk\/index.php\/wp-json\/wp\/v2\/media?parent=812"}],"curies":[{"name":"wp","href":"https:\/\/api.w.org\/{rel}","templated":true}]}}