{"id":817,"date":"2019-03-01T12:53:21","date_gmt":"2019-03-01T11:53:21","guid":{"rendered":"https:\/\/bogenommedicinskcannabis.dk\/?page_id=817"},"modified":"2019-03-01T12:53:21","modified_gmt":"2019-03-01T11:53:21","slug":"epidiolex-mod-epilepsi","status":"publish","type":"page","link":"https:\/\/bogenommedicinskcannabis.dk\/index.php\/artikler\/medicinsk-cannabis-og-epilepsi\/epidiolex-mod-epilepsi\/","title":{"rendered":"Epidiolex mod epilepsi"},"content":{"rendered":"<p>En af de mest kendte effekter af CBD er dets indflydelse p\u00e5 vise former for epilepsi, herunder Dravets syndrom. Forskere viser, at CBD har krampestillende effekter i dyrefors\u00f8g med epilepsi. Selvom der ikke er forsket meget med mennesker, er de tidlige rapporter lovende.<a href=\"#_ftn1\" name=\"_ftnref1\">[1]<\/a><\/p>\n<p>GW Pharmaceuticals har udf\u00f8rt kliniske fors\u00f8g med deres l\u00e6gemiddel <a href=\"https:\/\/www.gwpharm.com\/epilepsy-patients-caregivers\/patients\">Epidiolex<\/a>, en farmaceutisk fremstillet CBD olie.<a href=\"#_ftn2\" name=\"_ftnref2\">[2]<\/a> Ved doser mellem 25 og 50 mg\/kg viste Epidiolex sig at neds\u00e6tte frekvensen af kramper med 50% i et 12 ugers klinisk fors\u00f8g.<a href=\"#_ftn3\" name=\"_ftnref3\">[3]<\/a><\/p>\n<p>CBD viste ogs\u00e5 meget milde bivirkninger, herunder nedsat appetit, sl\u00f8vhed og diarr\u00e9.<a href=\"#_ftn4\" name=\"_ftnref4\">[4]<\/a> En unders\u00f8gelse blandt for\u00e6ldre til b\u00f8rn med behandlings-resistente former for epilepsi viste, at 84% af respondenterne rapporterede om reduktion af frekvensen af kramper, efter at de havde f\u00e5et CBD.<a href=\"#_ftn5\" name=\"_ftnref5\">[5]<\/a><\/p>\n<p><img loading=\"lazy\" decoding=\"async\" class=\"alignnone size-full wp-image-818\" src=\"https:\/\/bogenommedicinskcannabis.dk\/wp-content\/uploads\/2019\/03\/epidiolex.jpg\" alt=\"\" width=\"790\" height=\"644\" srcset=\"https:\/\/bogenommedicinskcannabis.dk\/wp-content\/uploads\/2019\/03\/epidiolex.jpg 790w, https:\/\/bogenommedicinskcannabis.dk\/wp-content\/uploads\/2019\/03\/epidiolex-300x245.jpg 300w, https:\/\/bogenommedicinskcannabis.dk\/wp-content\/uploads\/2019\/03\/epidiolex-768x626.jpg 768w\" sizes=\"auto, (max-width: 790px) 100vw, 790px\" \/><\/p>\n<p><a href=\"#_ftnref1\" name=\"_ftn1\">[1]<\/a> What Are The Medical Benefits of CBD? <a href=\"https:\/\/www.leafscience.com\/2017\/12\/06\/medical-benefits-cbd\/\">https:\/\/www.leafscience.com\/2017\/12\/06\/medical-benefits-cbd\/<\/a><\/p>\n<p><a href=\"#_ftnref2\" name=\"_ftn2\">[2]<\/a> GW\u2019s Epidiolex<sup>\u00ae<\/sup> Clinical Program. <a href=\"https:\/\/www.gwpharm.com\/epilepsy-patients-caregivers\/patients\">https:\/\/www.gwpharm.com\/epilepsy-patients-caregivers\/patients<\/a><\/p>\n<p><a href=\"#_ftnref3\" name=\"_ftn3\">[3]<\/a> <a href=\"https:\/\/www.ncbi.nlm.nih.gov\/pubmed\/?term=Devinsky%20O%5BAuthor%5D&amp;cauthor=true&amp;cauthor_uid=26724101\">Devinsky O<\/a><sup>1<\/sup>, <a href=\"https:\/\/www.ncbi.nlm.nih.gov\/pubmed\/?term=Marsh%20E%5BAuthor%5D&amp;cauthor=true&amp;cauthor_uid=26724101\">Marsh E<\/a><sup>2<\/sup>, Friedman D. et al.: Cannabidiol in patients with treatment-resistant epilepsy: an open-label interventional trial. <a href=\"https:\/\/www.ncbi.nlm.nih.gov\/pubmed\/26724101\">Lancet Neurol.<\/a> 2016 Mar;15(3):270-8. doi: 10.1016\/S1474-4422(15)00379-8. Epub 2015 Dec 24. <a href=\"https:\/\/www.ncbi.nlm.nih.gov\/pubmed\/26724101\">https:\/\/www.ncbi.nlm.nih.gov\/pubmed\/26724101<\/a><\/p>\n<p><a href=\"#_ftnref4\" name=\"_ftn4\">[4]<\/a> <a href=\"https:\/\/www.ncbi.nlm.nih.gov\/pubmed\/?term=Koo%20CM%5BAuthor%5D&amp;cauthor=true&amp;cauthor_uid=28775950\">Koo CM<\/a><sup>1<\/sup>, <a href=\"https:\/\/www.ncbi.nlm.nih.gov\/pubmed\/?term=Kang%20HC%5BAuthor%5D&amp;cauthor=true&amp;cauthor_uid=28775950\">Kang HC<\/a><sup>2<\/sup>. Could Cannabidiol be a Treatment Option for Intractable Childhood and Adolescent Epilepsy? <a href=\"https:\/\/www.ncbi.nlm.nih.gov\/pubmed\/28775950\">J Epilepsy Res.<\/a> 2017 Jun 30;7(1):16-20. doi: 10.14581\/jer.17003. eCollection 2017 Jun. <a href=\"https:\/\/www.ncbi.nlm.nih.gov\/pubmed\/28775950\">https:\/\/www.ncbi.nlm.nih.gov\/pubmed\/28775950<\/a><\/p>\n<p><a href=\"#_ftnref5\" name=\"_ftn5\">[5]<\/a> <a href=\"https:\/\/www.ncbi.nlm.nih.gov\/pubmed\/?term=Porter%20BE%5BAuthor%5D&amp;cauthor=true&amp;cauthor_uid=24237632\">Porter BE<\/a><sup>1<\/sup>, <a href=\"https:\/\/www.ncbi.nlm.nih.gov\/pubmed\/?term=Jacobson%20C%5BAuthor%5D&amp;cauthor=true&amp;cauthor_uid=24237632\">Jacobson C<\/a>.: Report of a parent survey of cannabidiol-enriched cannabis use in pediatric treatment-resistant epilepsy. <a href=\"https:\/\/www.ncbi.nlm.nih.gov\/pubmed\/24237632\">Epilepsy Behav.<\/a> 2013 Dec;29(3):574-7. doi: 10.1016\/j.yebeh.2013.08.037. <a href=\"https:\/\/www.ncbi.nlm.nih.gov\/pubmed\/24237632\">https:\/\/www.ncbi.nlm.nih.gov\/pubmed\/24237632<\/a><\/p>\n","protected":false},"excerpt":{"rendered":"<p>En af de mest kendte effekter af CBD er dets indflydelse p\u00e5 vise former for epilepsi, herunder Dravets syndrom. Forskere viser, at CBD har krampestillende effekter i dyrefors\u00f8g med epilepsi. Selvom der ikke er forsket meget med mennesker, er de &hellip; <a href=\"https:\/\/bogenommedicinskcannabis.dk\/index.php\/artikler\/medicinsk-cannabis-og-epilepsi\/epidiolex-mod-epilepsi\/\">L\u00e6s resten <span class=\"meta-nav\">&rarr;<\/span><\/a><\/p>\n","protected":false},"author":1,"featured_media":0,"parent":310,"menu_order":0,"comment_status":"closed","ping_status":"closed","template":"","meta":{"footnotes":""},"class_list":["post-817","page","type-page","status-publish","hentry"],"_links":{"self":[{"href":"https:\/\/bogenommedicinskcannabis.dk\/index.php\/wp-json\/wp\/v2\/pages\/817","targetHints":{"allow":["GET"]}}],"collection":[{"href":"https:\/\/bogenommedicinskcannabis.dk\/index.php\/wp-json\/wp\/v2\/pages"}],"about":[{"href":"https:\/\/bogenommedicinskcannabis.dk\/index.php\/wp-json\/wp\/v2\/types\/page"}],"author":[{"embeddable":true,"href":"https:\/\/bogenommedicinskcannabis.dk\/index.php\/wp-json\/wp\/v2\/users\/1"}],"replies":[{"embeddable":true,"href":"https:\/\/bogenommedicinskcannabis.dk\/index.php\/wp-json\/wp\/v2\/comments?post=817"}],"version-history":[{"count":1,"href":"https:\/\/bogenommedicinskcannabis.dk\/index.php\/wp-json\/wp\/v2\/pages\/817\/revisions"}],"predecessor-version":[{"id":819,"href":"https:\/\/bogenommedicinskcannabis.dk\/index.php\/wp-json\/wp\/v2\/pages\/817\/revisions\/819"}],"up":[{"embeddable":true,"href":"https:\/\/bogenommedicinskcannabis.dk\/index.php\/wp-json\/wp\/v2\/pages\/310"}],"wp:attachment":[{"href":"https:\/\/bogenommedicinskcannabis.dk\/index.php\/wp-json\/wp\/v2\/media?parent=817"}],"curies":[{"name":"wp","href":"https:\/\/api.w.org\/{rel}","templated":true}]}}