{"id":820,"date":"2019-03-01T13:36:14","date_gmt":"2019-03-01T12:36:14","guid":{"rendered":"https:\/\/bogenommedicinskcannabis.dk\/?page_id=820"},"modified":"2019-03-01T13:36:14","modified_gmt":"2019-03-01T12:36:14","slug":"ogsaa-danske-boern-bliver-hjulpet-af-medicinsk-cannabis","status":"publish","type":"page","link":"https:\/\/bogenommedicinskcannabis.dk\/index.php\/artikler\/medicinsk-cannabis-og-epilepsi\/ogsaa-danske-boern-bliver-hjulpet-af-medicinsk-cannabis\/","title":{"rendered":"Ogs\u00e5 danske b\u00f8rn bliver hjulpet af medicinsk cannabis"},"content":{"rendered":"<p>Epilepsihospitalet, Filadelfia har h\u00f8stet de f\u00f8rste sp\u00e6de erfaringer med cannabisolie til b\u00f8rn med epilepsi, og forel\u00f8big er erfaringerne gode, viser en artikel i Epilepsi Nyhedsbrevet d.\u00a028. marts 2017.<a href=\"#_ftn1\" name=\"_ftnref1\">[1]<\/a><\/p>\n<p>Fem b\u00f8rn og unge i alderen 11-18 \u00e5r, alle med varianter af epilepsisyndromet Lennox Gastaut, har f\u00e5et CBD-olie i to-tre m\u00e5neder, og alle fem er i den periode livet op og blevet mere friske.<\/p>\n<p>\u201dForel\u00f8big ser vi, at behandlingen har nogen effekt p\u00e5 hyppigheden og sv\u00e6rhedsgraden af anfaldene, men is\u00e6r en betydelig effekt p\u00e5 kontakten til patienterne, deres kognition og velbefindende,\u201d fort\u00e6ller direkt\u00f8r p\u00e5 Filadelfia, Helle Hjalgrim.<\/p>\n<p>Eftersom de ikke finder den videnskabelige evidens for effekten af medicinsk cannabis lige s\u00e5 god som ved andre epilepsipr\u00e6parater, har l\u00e6gerne p\u00e5 Filadelfia fulgt debatten og den stigende interesse for behandlingen med forbehold. l\u00e6gerne er imidlertid glade for muligheden for at kunne tilbyde en behandling til den lille gruppe h\u00e5rdt ramte patienter med Dravet eller Lennox Gastaut syndromerne, som ikke har haft effekt af anden medicin.<\/p>\n<p>Helle Hjalgrim forventer, at patient nummer seks vil blive sat i gang med behandlingen til april, og derudover st\u00e5r over 20 andre p\u00e5 venteliste, men fordi det er en ny og ikke s\u00e6rlig veldokumenteret behandling, kommer det til at ske gradvist, fort\u00e6ller hun.<\/p>\n<p>\u201dDe patienter p\u00e5 ventelisten, som ikke har hverken Dravet syndrom eller Lennox Gastaut syndrom, har mindst lige s\u00e5 stort behov som dem, vi har sat i behandling, men vi har brug for at kunne vise, at det har en effekt, f\u00f8r vi s\u00e6tter alle i gang,\u201d siger Helle Hjalgrim.<\/p>\n<p>CBD-olien, som produceres p\u00e5 Glostrup Apotek, er et ekstrakt af cannabisplanter, som ikke indeholder det euforiserende stof THC.<\/p>\n<p>Det f\u00f8rste industrielt fremstillede l\u00e6gemiddel med CBD til behandling af epilepsi forventes p\u00e5 markedet inden for det kommende \u00e5r, men selv om de f\u00f8rste danske erfaringer med cannabisbehandling af epilepsi er positive, er Helle Hjalgrims forventninger fortsat afd\u00e6mpede.<\/p>\n<p>\u201dUdfordringen er, at de videnskabelige resultater for dette pr\u00e6parat ikke er p\u00e5 niveau med de andre nye anti-epileptiske midler p\u00e5 markedet, og der er en mulighed for, at den effekt, vi ser nu i en vis udstr\u00e6kning er en placeboeffekt. Vi har ikke armene over hovedet, men vi h\u00e5ber, at CBD viser sig, at v\u00e6re et relevant alternativ til de andre antiepileptika,\u201d siger Helle Hjalgrim.<\/p>\n<p><img loading=\"lazy\" decoding=\"async\" class=\"alignnone size-full wp-image-822\" src=\"https:\/\/bogenommedicinskcannabis.dk\/wp-content\/uploads\/2019\/03\/cannabis-olie7.jpg\" alt=\"\" width=\"1500\" height=\"1058\" srcset=\"https:\/\/bogenommedicinskcannabis.dk\/wp-content\/uploads\/2019\/03\/cannabis-olie7.jpg 1500w, https:\/\/bogenommedicinskcannabis.dk\/wp-content\/uploads\/2019\/03\/cannabis-olie7-300x212.jpg 300w, https:\/\/bogenommedicinskcannabis.dk\/wp-content\/uploads\/2019\/03\/cannabis-olie7-768x542.jpg 768w, https:\/\/bogenommedicinskcannabis.dk\/wp-content\/uploads\/2019\/03\/cannabis-olie7-1024x722.jpg 1024w\" sizes=\"auto, (max-width: 1500px) 100vw, 1500px\" \/><\/p>\n<p>&nbsp;<\/p>\n<p><a href=\"#_ftnref1\" name=\"_ftn1\">[1]<\/a> Seneste nyt: Cannabis-olie hj\u00e6lper b\u00f8rn med epilepsi. <a href=\"http:\/\/propatienter.dk\/sygdomme\/hjernen\/248-cannabis-olie-hjaelper-born-med-epilepsi.html\">http:\/\/propatienter.dk\/sygdomme\/hjernen\/248-cannabis-olie-hjaelper-born-med-epilepsi.html<\/a><\/p>\n","protected":false},"excerpt":{"rendered":"<p>Epilepsihospitalet, Filadelfia har h\u00f8stet de f\u00f8rste sp\u00e6de erfaringer med cannabisolie til b\u00f8rn med epilepsi, og forel\u00f8big er erfaringerne gode, viser en artikel i Epilepsi Nyhedsbrevet d.\u00a028. marts 2017.[1] Fem b\u00f8rn og unge i alderen 11-18 \u00e5r, alle med varianter af &hellip; <a href=\"https:\/\/bogenommedicinskcannabis.dk\/index.php\/artikler\/medicinsk-cannabis-og-epilepsi\/ogsaa-danske-boern-bliver-hjulpet-af-medicinsk-cannabis\/\">L\u00e6s resten <span class=\"meta-nav\">&rarr;<\/span><\/a><\/p>\n","protected":false},"author":1,"featured_media":0,"parent":310,"menu_order":0,"comment_status":"closed","ping_status":"closed","template":"","meta":{"footnotes":""},"class_list":["post-820","page","type-page","status-publish","hentry"],"_links":{"self":[{"href":"https:\/\/bogenommedicinskcannabis.dk\/index.php\/wp-json\/wp\/v2\/pages\/820","targetHints":{"allow":["GET"]}}],"collection":[{"href":"https:\/\/bogenommedicinskcannabis.dk\/index.php\/wp-json\/wp\/v2\/pages"}],"about":[{"href":"https:\/\/bogenommedicinskcannabis.dk\/index.php\/wp-json\/wp\/v2\/types\/page"}],"author":[{"embeddable":true,"href":"https:\/\/bogenommedicinskcannabis.dk\/index.php\/wp-json\/wp\/v2\/users\/1"}],"replies":[{"embeddable":true,"href":"https:\/\/bogenommedicinskcannabis.dk\/index.php\/wp-json\/wp\/v2\/comments?post=820"}],"version-history":[{"count":1,"href":"https:\/\/bogenommedicinskcannabis.dk\/index.php\/wp-json\/wp\/v2\/pages\/820\/revisions"}],"predecessor-version":[{"id":823,"href":"https:\/\/bogenommedicinskcannabis.dk\/index.php\/wp-json\/wp\/v2\/pages\/820\/revisions\/823"}],"up":[{"embeddable":true,"href":"https:\/\/bogenommedicinskcannabis.dk\/index.php\/wp-json\/wp\/v2\/pages\/310"}],"wp:attachment":[{"href":"https:\/\/bogenommedicinskcannabis.dk\/index.php\/wp-json\/wp\/v2\/media?parent=820"}],"curies":[{"name":"wp","href":"https:\/\/api.w.org\/{rel}","templated":true}]}}