{"id":833,"date":"2019-03-21T12:46:06","date_gmt":"2019-03-21T11:46:06","guid":{"rendered":"https:\/\/bogenommedicinskcannabis.dk\/?page_id=833"},"modified":"2019-03-21T12:46:33","modified_gmt":"2019-03-21T11:46:33","slug":"kan-medicinsk-cannabis-lindre-bipolare-sygdomme","status":"publish","type":"page","link":"https:\/\/bogenommedicinskcannabis.dk\/index.php\/artikler\/medicinsk-cannabis-og-psykiske-sygdomme\/kan-medicinsk-cannabis-lindre-bipolare-sygdomme\/","title":{"rendered":"Kan medicinsk cannabis lindre bipolare sygdomme"},"content":{"rendered":"<p>I 2015 publicerede <em>Journal of Psychopharmacology<\/em> et review og diskussion, der udforskede cannabinoidernes behandlingsm\u00e6ssige potentiale i forhold til bipolare lidelser.<a href=\"#_ftn1\" name=\"_ftnref1\">[1]<\/a><\/p>\n<p>Reviewet anerkendte, at receptpligtige l\u00e6gemidler ikke havde den store effekt p\u00e5 bipolare lidelser, og derfor var forskerteamet interesseret i at afg\u00f8re, hvorvidt medicinsk cannabis kunne v\u00e6re en fordel.<\/p>\n<p>Forskerne gennemgik litteraturen om brugen af cannabis hos patienter med bipolar lidelse og cannabinoidernes neurofarmakologiske egenskaber og fandt, at anekdotiske rapporter viser, at nogle patienter tager det for at lindre symptomer p\u00e5 b\u00e5de mani og depression og foresl\u00e5r derfor, at cannabis kan have mulige terapeutiske effekter mod lidelsen.<\/p>\n<p>Studiet fandt, at THC og CBD ud\u00f8ver beroligende, hypnotiske, angstd\u00e6mpende, anti-depressive, anti-psykotiske og krampestillende effekter.<\/p>\n<p><img loading=\"lazy\" decoding=\"async\" class=\"size-full wp-image-835 aligncenter\" src=\"https:\/\/bogenommedicinskcannabis.dk\/wp-content\/uploads\/2019\/03\/Depression1.jpg\" alt=\"\" width=\"358\" height=\"196\" srcset=\"https:\/\/bogenommedicinskcannabis.dk\/wp-content\/uploads\/2019\/03\/Depression1.jpg 358w, https:\/\/bogenommedicinskcannabis.dk\/wp-content\/uploads\/2019\/03\/Depression1-300x164.jpg 300w\" sizes=\"auto, (max-width: 358px) 100vw, 358px\" \/><\/p>\n<p><a href=\"#_ftnref1\" name=\"_ftn1\">[1]<\/a> <a href=\"http:\/\/journals.sagepub.com\/author\/Ashton%2C+C+H\">C. H. Ashton<\/a>, <a href=\"http:\/\/journals.sagepub.com\/author\/Moore%2C+P+B\">P. B. Moore<\/a>, <a href=\"http:\/\/journals.sagepub.com\/author\/Gallagher%2C+P\">P. Gallagher<\/a> et al.:<a href=\"http:\/\/journals.sagepub.com\/author\/Ashton%2C+C+H\"><strong>C. H. Ashton<\/strong><\/a> Cannabinoids in bipolar affective disorder: a review and discussion of their therapeutic potential. Journal og Psychopharmacology Volume: 19 issue: 3, page(s): 293-300. Issue published: May 1, 2005 \u00a0DOI: <a href=\"https:\/\/doi.org\/10.1177\/0269881105051541\">https:\/\/doi.org\/10.1177\/0269881105051541<\/a><\/p>\n<p>&nbsp;<\/p>\n","protected":false},"excerpt":{"rendered":"<p>I 2015 publicerede Journal of Psychopharmacology et review og diskussion, der udforskede cannabinoidernes behandlingsm\u00e6ssige potentiale i forhold til bipolare lidelser.[1] Reviewet anerkendte, at receptpligtige l\u00e6gemidler ikke havde den store effekt p\u00e5 bipolare lidelser, og derfor var forskerteamet interesseret i at &hellip; <a href=\"https:\/\/bogenommedicinskcannabis.dk\/index.php\/artikler\/medicinsk-cannabis-og-psykiske-sygdomme\/kan-medicinsk-cannabis-lindre-bipolare-sygdomme\/\">L\u00e6s resten <span class=\"meta-nav\">&rarr;<\/span><\/a><\/p>\n","protected":false},"author":1,"featured_media":0,"parent":316,"menu_order":0,"comment_status":"closed","ping_status":"closed","template":"","meta":{"footnotes":""},"class_list":["post-833","page","type-page","status-publish","hentry"],"_links":{"self":[{"href":"https:\/\/bogenommedicinskcannabis.dk\/index.php\/wp-json\/wp\/v2\/pages\/833","targetHints":{"allow":["GET"]}}],"collection":[{"href":"https:\/\/bogenommedicinskcannabis.dk\/index.php\/wp-json\/wp\/v2\/pages"}],"about":[{"href":"https:\/\/bogenommedicinskcannabis.dk\/index.php\/wp-json\/wp\/v2\/types\/page"}],"author":[{"embeddable":true,"href":"https:\/\/bogenommedicinskcannabis.dk\/index.php\/wp-json\/wp\/v2\/users\/1"}],"replies":[{"embeddable":true,"href":"https:\/\/bogenommedicinskcannabis.dk\/index.php\/wp-json\/wp\/v2\/comments?post=833"}],"version-history":[{"count":2,"href":"https:\/\/bogenommedicinskcannabis.dk\/index.php\/wp-json\/wp\/v2\/pages\/833\/revisions"}],"predecessor-version":[{"id":837,"href":"https:\/\/bogenommedicinskcannabis.dk\/index.php\/wp-json\/wp\/v2\/pages\/833\/revisions\/837"}],"up":[{"embeddable":true,"href":"https:\/\/bogenommedicinskcannabis.dk\/index.php\/wp-json\/wp\/v2\/pages\/316"}],"wp:attachment":[{"href":"https:\/\/bogenommedicinskcannabis.dk\/index.php\/wp-json\/wp\/v2\/media?parent=833"}],"curies":[{"name":"wp","href":"https:\/\/api.w.org\/{rel}","templated":true}]}}