{"id":866,"date":"2019-03-31T15:05:33","date_gmt":"2019-03-31T14:05:33","guid":{"rendered":"https:\/\/bogenommedicinskcannabis.dk\/?page_id=866"},"modified":"2019-03-31T15:05:33","modified_gmt":"2019-03-31T14:05:33","slug":"foerer-legalisering-ad-cannabis-til-stoerre-forbrug-blandt-unge","status":"publish","type":"page","link":"https:\/\/bogenommedicinskcannabis.dk\/index.php\/artikler\/sikkerhed\/foerer-legalisering-ad-cannabis-til-stoerre-forbrug-blandt-unge\/","title":{"rendered":"F\u00f8rer legalisering ad cannabis til st\u00f8rre forbrug blandt unge?"},"content":{"rendered":"<p>En af myterne om cannabis er, at legalisering vil f\u00f8re til et st\u00f8rre forbrug, is\u00e6r blandt unge mennesker. Det er ikke en opfattelse, der bekr\u00e6ftes af erfaringer fra de lande, der i de senere \u00e5r har gjort brugen af cannabis lovligt.<\/p>\n<p>Tv\u00e6rtimod viste et helt nyt studie publiceret i 2019 <em>The Journal of Adolescent Health<\/em>, at legalisering af cannabis i staten Washington er ikke associeret med en for\u00f8gelse af unge brug af cannabis.<a href=\"#_ftn1\" name=\"_ftnref1\">[1]<\/a> Studiet er udf\u00f8rt af forskere fra Washington State University, University of Massachusetts, og Colorado School of Public Health. De \u00f8nskede at unders\u00f8ge, hvordan det var g\u00e5et med unges brug af cannabis hos henholdsvis unge i de \u00e6ldste klasser i de lokale folkeskoler, der arbejdede udover skolegangen og elever, der ikke arbejdede udover skolen umiddelbart efter frigivelsen af salg af cannabis (2010-2016).<\/p>\n<p>Studiet viste, at \u201cbrugen af cannabis faldt signifikant blandt unge i 8.-10. klasse, uanset om de arbejdede efter skoletid eller ikke.\u201d Brugen af cannabis faldt ogs\u00e5 blandt unge i 12. klasse, som ikke arbejdede, mens brugen blandt unge i samme klassetrin, som arbejdede mere end 11 timer om ugen, steg en smule i fors\u00f8gsperioden.<\/p>\n<p>Det var is\u00e6r unge indenfor handel og service, der havde st\u00f8rre sandsynlighed for at bruge cannabis end unge, der ikke arbejdede eller unge, der f.eks. arbejdede som babysittere.<\/p>\n<p><strong>Brugen af cannabis blandt unge faldt med n\u00e6sten 20% efter legalisering<br \/>\n<\/strong>Konklusionen ligner resultater fra en unders\u00f8gelse fra den amerikanske regering i slutningen af 2017, som fandt, at graden af cannabis brug blandt\u00a0unge i Colorado og Washington nu er lavere, end f\u00f8r staterne legaliserede cannabis brug for voksne.<a href=\"#_ftn2\" name=\"_ftnref2\">[2]<\/a> Rapporten viste, at brugen af cannabis blandt personer i 12-17 \u00e5rs alderen faldt n\u00e6sten 20% fra 11,13 i 2014-2015 til 9,08 i 2015-16.<\/p>\n<p><img loading=\"lazy\" decoding=\"async\" class=\"alignnone size-full wp-image-868\" src=\"https:\/\/bogenommedicinskcannabis.dk\/wp-content\/uploads\/2019\/03\/Cannabis-43.jpg\" alt=\"\" width=\"1024\" height=\"683\" srcset=\"https:\/\/bogenommedicinskcannabis.dk\/wp-content\/uploads\/2019\/03\/Cannabis-43.jpg 1024w, https:\/\/bogenommedicinskcannabis.dk\/wp-content\/uploads\/2019\/03\/Cannabis-43-300x200.jpg 300w, https:\/\/bogenommedicinskcannabis.dk\/wp-content\/uploads\/2019\/03\/Cannabis-43-768x512.jpg 768w\" sizes=\"auto, (max-width: 1024px) 100vw, 1024px\" \/><\/p>\n<p><a href=\"#_ftnref1\" name=\"_ftn1\">[1]<\/a> Janessa M. Graves, Jennifer M. Whitehill, Mary E. Miller et al.: Employment and Marijuana Use Among Washington State Adolescents Before and After Legalization of Retail Marijuana. <a href=\"https:\/\/www.sciencedirect.com\/science\/journal\/1054139X\">Journal of Adolescent Health<\/a>. Available online 14 March 2019. <a href=\"https:\/\/www.sciencedirect.com\/science\/article\/pii\/S1054139X19300205\">https:\/\/www.sciencedirect.com\/science\/article\/pii\/S1054139X19300205<\/a><\/p>\n<p>Study: Washington Teens Not Using More Marijuana Following Legalization. <a href=\"https:\/\/thejointblog.com\/study-washington-teens-not-using-more-marijuana-following-legalization\/?fbclid=IwAR3e_vv_QZMYLEjhtKQLa2hAJYhi5VhQP1EbYSu-ZEBy0Hy9EO3kIR4t56E\">https:\/\/thejointblog.com\/study-washington-teens-not-using-more-marijuana-following-legalization\/?fbclid=IwAR3e_vv_QZMYLEjhtKQLa2hAJYhi5VhQP1EbYSu-ZEBy0Hy9EO3kIR4t56E<\/a><strong>x<\/strong><\/p>\n<p><a href=\"#_ftnref2\" name=\"_ftn2\">[2]<\/a> Federal Survey: Teen Marijuana Use Down in Colorado and Washington, Now Lower Than it Was Prior to Legalization. <a href=\"https:\/\/thejointblog.com\/federal-survey-teen-marijuana-use-colorado-washington-now-lower-prior-legalization\/\">https:\/\/thejointblog.com\/federal-survey-teen-marijuana-use-colorado-washington-now-lower-prior-legalization\/<\/a><\/p>\n","protected":false},"excerpt":{"rendered":"<p>En af myterne om cannabis er, at legalisering vil f\u00f8re til et st\u00f8rre forbrug, is\u00e6r blandt unge mennesker. Det er ikke en opfattelse, der bekr\u00e6ftes af erfaringer fra de lande, der i de senere \u00e5r har gjort brugen af cannabis &hellip; <a href=\"https:\/\/bogenommedicinskcannabis.dk\/index.php\/artikler\/sikkerhed\/foerer-legalisering-ad-cannabis-til-stoerre-forbrug-blandt-unge\/\">L\u00e6s resten <span class=\"meta-nav\">&rarr;<\/span><\/a><\/p>\n","protected":false},"author":1,"featured_media":0,"parent":292,"menu_order":0,"comment_status":"closed","ping_status":"closed","template":"","meta":{"footnotes":""},"class_list":["post-866","page","type-page","status-publish","hentry"],"_links":{"self":[{"href":"https:\/\/bogenommedicinskcannabis.dk\/index.php\/wp-json\/wp\/v2\/pages\/866","targetHints":{"allow":["GET"]}}],"collection":[{"href":"https:\/\/bogenommedicinskcannabis.dk\/index.php\/wp-json\/wp\/v2\/pages"}],"about":[{"href":"https:\/\/bogenommedicinskcannabis.dk\/index.php\/wp-json\/wp\/v2\/types\/page"}],"author":[{"embeddable":true,"href":"https:\/\/bogenommedicinskcannabis.dk\/index.php\/wp-json\/wp\/v2\/users\/1"}],"replies":[{"embeddable":true,"href":"https:\/\/bogenommedicinskcannabis.dk\/index.php\/wp-json\/wp\/v2\/comments?post=866"}],"version-history":[{"count":1,"href":"https:\/\/bogenommedicinskcannabis.dk\/index.php\/wp-json\/wp\/v2\/pages\/866\/revisions"}],"predecessor-version":[{"id":869,"href":"https:\/\/bogenommedicinskcannabis.dk\/index.php\/wp-json\/wp\/v2\/pages\/866\/revisions\/869"}],"up":[{"embeddable":true,"href":"https:\/\/bogenommedicinskcannabis.dk\/index.php\/wp-json\/wp\/v2\/pages\/292"}],"wp:attachment":[{"href":"https:\/\/bogenommedicinskcannabis.dk\/index.php\/wp-json\/wp\/v2\/media?parent=866"}],"curies":[{"name":"wp","href":"https:\/\/api.w.org\/{rel}","templated":true}]}}